((-4 - -1)/3). Let t be n(m). What is the greatest common factor of 6 and t?
3
Let v = 21 + -6. What is the highest common factor of v and 15?
15
Let j = -85 - -135. Calculate the greatest common divisor of j and 25.
25
Suppose 4*r - 772 = -5*q, -4*r + 0*q + 796 = -q. Let d = -28 + r. Calculate the greatest common factor of d and 17.
17
Let y = 272 + -191. What is the highest common divisor of 27 and y?
27
Let k = 2 + 6. What is the greatest common divisor of 4 and k?
4
Let w = -55 + 125. Calculate the greatest common divisor of w and 14.
14
Suppose 3*p = -q + 27, -4*p + 45 = p + 5*q. What is the highest common factor of 1 and p?
1
Let k = 154 + -92. Calculate the greatest common divisor of k and 62.
62
Let q = 4 - -14. Let f = 15 + q. What is the highest common divisor of f and 11?
11
Let v(j) = j + 10. Let z be v(4). What is the greatest common factor of z and 56?
14
Let t be 9*2 - (-1 - -1). Let r be ((-3)/1)/(-3)*6. Suppose -r = 2*w + 5*q, 0*w + w + 2*q + 2 = 0. What is the greatest common factor of w and t?
2
Suppose 2*k - 86 = -v, 2*k + 62 = v - 44. Suppose -5*b - 33 = -4*t, 2*t = -t - b + 39. What is the highest common divisor of v and t?
12
Let v = -28 + 55. Calculate the greatest common divisor of v and 297.
27
Let l be (-3 - (-6 + -1))*-8. Let x = -5 - l. What is the greatest common factor of x and 54?
27
Suppose -2*w + 4 = -w. Suppose w*d - 146 = 2*m, 2*m + 38 = 3*d - 2*d. Let g = d + -11. What is the greatest common divisor of g and 10?
5
Let k = -9 - -377. Calculate the highest common factor of 16 and k.
16
Let a(f) = -f**3 + 5*f**2 - 5*f + 4. Let v be a(4). Suppose 8*j - 65 = 4*j + 5*p, v = 5*j + p - 45. What is the greatest common factor of 4 and j?
2
Let v = -1 + 16. What is the highest common divisor of 6 and v?
3
Suppose 0 = 4*o - 3*o - 2. Let t = 1 + o. Let v(d) = d**3 - 2*d**2 - 5*d - 3. Let m be v(4). What is the highest common divisor of m and t?
3
Let m(s) = 5*s - 1. Let h be m(-1). Let b be (h + -1)/(2/(-18)). Calculate the highest common divisor of 7 and b.
7
Let l = 1 + 1. Suppose -5*i + 15 = m, -l*m = -5*i + 3*m + 15. Suppose 0 = -i*t - 2*t + 150. What is the highest common factor of t and 6?
6
Let b(a) = -a**3 + 9*a**2 - 10*a + 12. Let p be b(8). Let v be p/(-3) + 4/6. Let q = v - -1. Calculate the greatest common factor of 27 and q.
3
Let l(k) = -29*k + 2. Let s be l(-2). Let h = -40 - -44. Suppose -h*y + 5*y - 15 = -n, 3*n - s = 2*y. Calculate the highest common divisor of n and 144.
18
Suppose 15*x - 14 = 13*x. What is the highest common divisor of x and 56?
7
Suppose -n + 20 = 2*s, 0 = n - 2*s - 3*s + 15. Calculate the highest common divisor of 50 and n.
10
Suppose -t + 14 - 8 = 0. What is the greatest common divisor of t and 6?
6
Suppose 0 = -2*v - v + 3*h, -2*h - 6 = -4*v. Suppose 0 = 11*i - 6*i - 2*g - 167, 5*i - 3*g - 168 = 0. What is the greatest common divisor of v and i?
3
Let w be -2 + (-3)/(6/(-290)). Suppose 0*n + 13 = n. What is the highest common divisor of w and n?
13
Suppose -2*j + 19 - 3 = 0. Calculate the highest common factor of j and 72.
8
Let v be (-1 - 9)*3/(-6). Let s be v - 3*2/6. Suppose s*w = 4*m + 216, 5*w - 43 = 3*m + 229. Calculate the highest common divisor of 5 and w.
5
Let l be (-9)/(-15) - (-148)/20. Suppose -2*c + 28 = l. Calculate the greatest common divisor of c and 4.
2
Let d be ((-8)/6)/((-4)/6). Suppose d*b = -0*b + 286. Let h be 1/4 - 102/(-8). Calculate the highest common divisor of h and b.
13
Suppose 60 = 4*q - 0*q. What is the greatest common divisor of q and 3?
3
Let s be ((-12)/15)/((-2)/5). Let o be 3 + (s + 49 - -2). Calculate the highest common factor of o and 14.
14
Let o be (-32)/8 - (-4)/((-4)/(-33)). Calculate the greatest common factor of o and 116.
29
Let s be (28/6)/((-3)/(-9)). Suppose s = 5*j - 61. What is the greatest common divisor of 15 and j?
15
Let j(i) be the second derivative of 5*i**3/6 + 5*i**2 + i. Let x = 17 + -10. Let u be j(x). What is the highest common factor of 5 and u?
5
Let v be (-3)/15 - 63/(-15). What is the greatest common divisor of v and 3?
1
Suppose 14 = 3*s - 2*n - 2, -4*s - 5*n + 6 = 0. Let y = s - -10. Let r be -1 + -2 + 1 + 16. What is the highest common divisor of y and r?
14
Suppose 70 = 4*s - 0*s - 2*b, 0 = -4*s - 3*b + 55. Calculate the greatest common factor of 304 and s.
16
Let m = -27 - -4. Let o = 25 + m. Calculate the greatest common factor of o and 22.
2
Let z(b) = 2*b**2 + 22*b - 9. Let p be z(-12). What is the highest common factor of p and 3?
3
Suppose -272*o + 272 = -268*o. Calculate the highest common factor of 17 and o.
17
Suppose g - 4 = -1. Let k be (-24)/10*30/(-4). What is the greatest common factor of g and k?
3
Suppose 210 = 6*h - h - 5*f, -2*h = 4*f - 54. What is the highest common divisor of 333 and h?
37
Let w be 2*(-21)/(-24)*8. Let y(k) = 15*k - 3. Let b be y(3). Calculate the highest common divisor of b and w.
14
Suppose -2*t = -5*t. Suppose 4*c - 8 = -t*c. Calculate the highest common factor of c and 3.
1
Suppose -3*k = -3*o + 231, 5*o + k - 84 = 295. What is the greatest common divisor of o and 57?
19
Let m = 57 + -39. What is the highest common factor of m and 27?
9
Suppose 4*z = 2*r + 24, -5*z + z - 2*r + 16 = 0. Suppose -z*o = -8*o + 39. Calculate the greatest common factor of o and 91.
13
Let y be 1 + (1/1)/(-1). Suppose y = 3*l - 3 - 3. Suppose -4*i + 17 - l = 5*v, 5*v = -i - 15. What is the highest common divisor of i and 80?
10
Let l be (165 - -1) + (3 - 1). Let w be (2 - 1)/(7/l). Calculate the greatest common factor of w and 3.
3
Let p = 29 - 17. Let l = -7 + p. Suppose 0 = y - 1, -3*i = -4*y + y - 42. What is the greatest common divisor of i and l?
5
Let j = 429 + -811. Let d be j/(-6) - 6/9. What is the highest common divisor of 9 and d?
9
Let c(j) = 3*j + 9. Let f be c(6). What is the greatest common divisor of 216 and f?
27
Let r be (18/(-15))/(9/(-30)). Suppose 5*f - 145 = -w, -f + 5 = w + r*w. What is the highest common divisor of 20 and f?
10
Let i = -385 + 716. Let l = i - 235. Let j be (-7)/((-7)/18) + -2. Calculate the highest common factor of j and l.
16
Let s(a) = 4*a - 1. Let n(u) be the second derivative of u**4/12 - u**3/3 - u. Let t be n(3). Let b be s(t). What is the greatest common factor of 11 and b?
11
Let h be ((-2)/4)/(1/(-16)). Suppose -2*f = -0*f - 10. Suppose 2*j - 147 = -p, f*p - p = 5*j - 348. Calculate the highest common factor of h and j.
8
Let z(s) = s**2 - 2*s - 2. Let o be z(4). What is the greatest common factor of 18 and o?
6
Let l be (-6)/10 + 4/(-10). Let y be (l/2)/((-1)/8). What is the highest common divisor of 20 and y?
4
Let n(a) = -a**3 + 3*a**2 + 4*a - 4. Let l be n(4). Let o be (-2 - -1)*(l - 2). What is the highest common factor of o and 24?
6
Let i be 0/(-1 - 0/2). Suppose i = 2*o, b = 4*b + 5*o - 21. Calculate the greatest common factor of b and 56.
7
Suppose -2*a - a + 5*z = -30, 11 = a - 2*z. Suppose f - w = 5*f - 51, -a*f + 4*w = -48. Let u be (3/2)/(3/24). What is the highest common factor of u and f?
12
Suppose -4*c + 1 = -3*x, 2*x + 3*x - 33 = -2*c. Let o = -3 + x. What is the highest common factor of o and 8?
2
Suppose 0 = -3*v - 4*p + 41, 2*v - 30 + 1 = -3*p. Let m = 11 - v. Calculate the highest common divisor of 44 and m.
4
Let b = 13 - 12. Let p be b/((-6)/52)*-3. What is the greatest common factor of 39 and p?
13
Suppose -5*n + 103 + 257 = 0. Suppose d + n = 2*d. What is the highest common divisor of d and 8?
8
Let s(z) be the first derivative of 1/2*z**2 + 2*z**3 - 4*z + 1/4*z**4 + 2. Let m be s(-5). What is the greatest common divisor of 40 and m?
8
Let g(f) = -9*f**2 + 11*f + 11. Let w(u) = -5*u**2 + 5*u + 5. Let z(j) = 6*g(j) - 11*w(j). Let i be z(-12). What is the highest common factor of 115 and i?
23
Let m(p) = 9*p - 7. Let x be m(5). Let c = x + -15. What is the highest common divisor of c and 115?
23
Let i be ((-4)/12)/((-1)/141). Suppose -2*j + 2*v + 36 = 10, -v + i = 5*j. Calculate the highest common factor of j and 10.
10
Let y = -188 - -290. Calculate the greatest common divisor of y and 255.
51
Let x be 1 + -5 - (1 + 1). Let k be 3 + (x/3 - -355). Let h = -188 + k. What is the greatest common divisor of 24 and h?
24
Let v = 43 - 18. Calculate the highest common divisor of v and 25.
25
Let z = 0 + 0. Suppose z*v = -5